
-3051
In base 14, what is 876 + -8?
86c
In base 5, what is -4 - 12222?
-12231
In base 5, what is -24 - 4?
-33
In base 12, what is 32a - -3?
331
In base 4, what is -2 + -23?
-31
In base 16, what is 3 - f0?
-ed
In base 6, what is 13310 - 4?
13302
In base 14, what is c16 + -6?
c10
In base 13, what is -1c0 - -12?
-1ab
In base 7, what is 33364 - -5?
33402
In base 16, what is 3 - 5f?
-5c
In base 4, what is -122312 - -1?
-122311
In base 12, what is -3 + 53?
50
In base 4, what is 1 + 100122?
100123
In base 8, what is -7 + -5413?
-5422
In base 10, what is -1714 + 3?
-1711
In base 15, what is -8c + -5?
-92
In base 15, what is 167 + 3?
16a
In base 2, what is -1 + -11000010111?
-11000011000
In base 9, what is 84 - 0?
84
In base 5, what is -12140 - 1?
-12141
In base 9, what is -37 + 1?
-36
In base 11, what is 49 - -4?
52
In base 15, what is 3 + -1ae?
-1ab
In base 15, what is 1d8 - 6?
1d2
In base 4, what is 31013 + 110?
31123
In base 10, what is -23113 - 4?
-23117
In base 7, what is -131 - 0?
-131
In base 2, what is 10 + -110110001111?
-110110001101
In base 12, what is -93 + -2?
-95
In base 7, what is -6 + 21?
12
In base 10, what is 32 - 0?
32
In base 6, what is 4 + -121?
-113
In base 15, what is -8e + 26?
-68
In base 13, what is -5 + -a4c?
-a54
In base 4, what is 2 - -323131?
323133
In base 12, what is 21 + 161?
182
In base 2, what is -1100010 - 101?
-1100111
In base 13, what is -18 + -4c?
-67
In base 14, what is 3 - 6d3?
-6d0
In base 15, what is -2 - -d86?
d84
In base 14, what is 237 - 5?
232
In base 15, what is -e + -19?
-28
In base 2, what is -1100111110 - 101?
-1101000011
In base 13, what is 16 - 2aa?
-294
In base 10, what is 24 + -1?
23
In base 13, what is 14 - 5?
c
In base 13, what is -7 + ba9?
ba2
In base 5, what is -1 + 20?
14
In base 14, what is 23a - -8?
244
In base 15, what is -5 - -5e?
59
In base 14, what is -1 - 30a?
-30b
In base 9, what is 300 - -3?
303
In base 4, what is -303 - -1?
-302
In base 4, what is 3 + 33?
102
In base 7, what is 2641 - 5?
2633
In base 4, what is -1 - 10123?
-10130
In base 7, what is -4414 + -3?
-4420
In base 13, what is 201 - 4?
1ca
In base 4, what is -33000 + 2?
-32332
In base 12, what is -4 + 3855?
3851
In base 12, what is 0 - -799?
799
In base 10, what is -58 - 84?
-142
In base 5, what is 4 - 341?
-332
In base 7, what is 44 - 31?
13
In base 6, what is 2 + 220?
222
In base 8, what is 333 - 44?
267
In base 3, what is 110222 - -112?
111111
In base 13, what is 1 + -680?
-67c
In base 9, what is 188 - 17?
171
In base 3, what is -2 - -102120122?
102120120
In base 8, what is -62 + 50?
-12
In base 13, what is 1 - -142?
143
In base 16, what is -f6 - -4?
-f2
In base 5, what is -4 - 33?
-42
In base 14, what is 2 - 2b?
-29
In base 10, what is -477 + 4?
-473
In base 5, what is 3 - 44?
-41
In base 13, what is -1 + 29?
28
In base 2, what is 10110001 + 11?
10110100
In base 8, what is -2 - -100?
76
In base 10, what is 2299 - 0?
2299
In base 11, what is 1 + 533?
534
In base 16, what is b7 + -2?
b5
In base 5, what is 4 - -101?
110
In base 9, what is 172 + 5?
177
In base 13, what is 4 - 13b?
-137
In base 13, what is 6 - -63?
69
In base 13, what is 48 + 9c?
117
In base 3, what is -22 + -1000?
-1022
In base 11, what is 1 + -6?
-5
In base 5, what is 3003 + -3?
3000
In base 6, what is -100 - 434?
-534
In base 14, what is -4 + 461?
45b
In base 9, what is -3368 - -1?
-3367
In base 3, what is -10210 + -100?
-11010
In base 2, what is 10111111110 + 110?
11000000100
In base 5, what is 31 + 44?
130
In base 8, what is 651 + -4?
645
In base 3, what is 21222 - 2?
21220
In base 12, what is 13 + -8?
7
In base 11, what is 1153 + 2?
1155
In base 7, what is 2 + 11?
13
In base 15, what is 5 - -11aa?
11b0
In base 6, what is -154 + 0?
-154
In base 8, what is -35 - 2?
-37
In base 2, what is 10110110 - 111?
10101111
In base 15, what is 3cc - 1?
3cb
In base 15, what is 2 - 76?
-74
In base 7, what is 43 - 155?
-112
In base 10, what is 345 + 1?
346
In base 6, what is 2120 + 41?
2201
In base 12, what is -509 - 3?
-510
In base 9, what is -20 - 1?
-21
In base 7, what is -4 + 333?
326
In base 16, what is 234 - -3?
237
In base 4, what is -13 + -201?
-220
In base 2, what is -10001110 - -1?
-10001101
In base 4, what is 0 - -122032?
122032
In base 14, what is 269c + -2?
269a
In base 11, what is -a3 - 50?
-143
In base 15, what is -2 - -38?
36
In base 11, what is -15 + -93?
-a8
In base 6, what is -31201 + -4?
-31205
In base 4, what is 110 + -12?
32
In base 7, what is -2 - -101?
66
In base 15, what is 742 - 3?
73e
In base 11, what is -6241 - -2?
-623a
In base 8, what is 356 - 7?
347
In base 3, what is 211212 + 2?
211221
In base 6, what is 315 + 12?
331
In base 3, what is 211200 + -1021?
210102
In base 3, what is 10 + 121200?
121210
In base 10, what is -3 + 3254?
3251
In base 6, what is -4 + -15?
-23
In base 10, what is -5 + -134?
-139
In base 10, what is 589 - 10?
579
In base 2, what is 1110001111001 - 101?
1110001110100
In base 12, what is -1b80 + -2?
-1b82
In base 8, what is -42 - -12?
-30
In base 14, what is 6 + -11?
-9
In base 14, what is -3 - 18c3?
-18c6
In base 9, what is 368 + 14?
383
In base 11, what is -2 - -360?
359
In base 9, what is -21 - -1?
-20
In base 7, what is 3 + -51?
-45
In base 3, what is 12 - 1?
11
In base 12, what is 11ab + 4?
11b3
In base 12, what is 1 - 4?
-3
In base 9, what is -1377 + -4?
-1382
In base 3, what is -1101121 + -12?
-1101210
In base 4, what is -3 - 1312?
-1321
In base 8, what is -340 + 4?
-334
In base 9, what is 21 - -23?
44
In base 4, what is 0 - -1112?
1112
In base 8, what is -273 - -1?
-272
In base 4, what is 3 + 2132?
2201
In base 16, what is -38 + -4?
-3c
In base 5, what is -1344 - 102?
-2001
In base 16, what is -e + 797?
789
In base 7, what is 4 + -202?
-165
In base 3, what is 212102 - -11?
212120
In base 7, what is -30 - 2?
-32
In base 11, what is a8 - -5?
102
In base 14, what is -1 - -ab?
aa
In base 3, what is 2211 - 12?
2122
In base 13, what is -2898 + 2?
-2896
In base 7, what is -112 - -2?
-110
In base 5, what is 121012 + 2?
121014
In base 5, what is 120003 + 3?
120011
In base 13, what is 1 - -1bb?
1bc
In base 16, what is 4 + -a?
-6
In base 10, what is -627 - -9?
-618
In base 10, what is 1 + 300?
301
In base 15, what is -4 + 2d?
29
In base 15, what is -5 - 111?
-116
In base 3, what is 12 + -1200?
-1111
In base 4, what is -2 - -120?
112
In base 12, what is -23 + 1?
-22
In base 13, what is -12ab + -5?
-12b3
In base 3, what is 2021 + -10221?
-1200
In base 6, what is -4 + 2011?
2003
In base 5, what is 0 + -221?
-221
In base 4, what is -200 - 13?
-213
In base 5, what is 233 + -112?
121
In base 9, what is 76 + 111?
187
In base 4, what is 0 + -13002?
-13002
In base 15, what is 461 - 3?
45d
In base 10, what is -41 + 5?
-36
In base 11, what is 94 - -2?
96
In base 4, what is -200 + 1?
-133
In base 15, what is d9 - -4?
dd
In base 9, what is -841 + -4?
-845
In base 10, what is -94 - 39?
-133
In base 11, what is 562 + -4?
559
In base 11, what is 43520 - -2?
43522
In base 15, what is -6 - c6?
-cc
In base 7, what is 4 - 24?
-20
In base 15, what is -4 - 495?
-499
In base 16, what is 15 + 75?
8a
In base 13, what is 422 + 45?
467
In base 11, what is -a - 13?
-22
In base 9, what is -5 - 7?
-13
In base 13, what is 206 - -3?
209
In base 14, what is -421 - -1?
-420
In base 4, what is 2001032 + -10?
2001022
In base 6, what is 5 - -15?
24
In base 6, what is -4 - 2415?
-2423
In base 2, what is 1010011110010 + 101?
1010011110111
In base 3, what is -101110010 - 2?
-101110012
In base 10, what is -117 - -64?
-53
In base 5, what is 424 + -230?
144
In base 13, what is -3 + 93?
90
In base 6, what is 10 + -1010?
-1000
In base 11, what is -3 + 146?
143
In base 13, what is -281 + 29?
-255
In base 10, what is 0 + 187?
187
In base 2, what is 1100 + 111101?
1001001
In base 9, what is 57 - 4?
53
In base 10, what is 19 - 63?
-44
In base 6, what is 20 - -14?
34
In base 13, what is -1231 + 4?
-122a
In base 16, what is 2 + 398?
39a
In base 11, what is 5 + 43?
48
In base 10, what is -99 + -4?
-103
In base 13, what is 5a11 + -5?
5a09
In base 3, what is 12020000 - 2?
12012221
In base 14, what is -80 - 21?
-a1
In base 16, what is -d + 2b?
1e
In base 2, what is 11111000 + 110011?
100101011
In base 6, what is 11 + -312?
-301
In base 14, what is 2 - a4?
-a2
In base 8, 